e factors of 1298.
2, 11, 59
What are the prime factors of 76190?
2, 5, 19, 401
List the prime factors of 2609.
2609
List the prime factors of 19673.
103, 191
What are the prime factors of 64567?
64567
List the prime factors of 72.
2, 3
List the prime factors of 8913.
3, 2971
List the prime factors of 1229.
1229
What are the prime factors of 2293?
2293
List the prime factors of 21148.
2, 17, 311
List the prime factors of 18409.
41, 449
What are the prime factors of 11240?
2, 5, 281
List the prime factors of 17967.
3, 53, 113
What are the prime factors of 1162?
2, 7, 83
List the prime factors of 466.
2, 233
List the prime factors of 35682.
2, 3, 19, 313
List the prime factors of 3107.
13, 239
What are the prime factors of 8327?
11, 757
List the prime factors of 15656.
2, 19, 103
What are the prime factors of 2866?
2, 1433
What are the prime factors of 23564?
2, 43, 137
What are the prime factors of 2140?
2, 5, 107
What are the prime factors of 3605?
5, 7, 103
List the prime factors of 4155.
3, 5, 277
What are the prime factors of 4084?
2, 1021
List the prime factors of 542.
2, 271
What are the prime factors of 11562?
2, 3, 41, 47
What are the prime factors of 37364?
2, 9341
What are the prime factors of 5010?
2, 3, 5, 167
List the prime factors of 13293.
3, 7, 211
What are the prime factors of 792?
2, 3, 11
List the prime factors of 25182.
2, 3, 1399
List the prime factors of 14259.
3, 7, 97
What are the prime factors of 1078?
2, 7, 11
What are the prime factors of 2807?
7, 401
What are the prime factors of 15146?
2, 7573
What are the prime factors of 10395?
3, 5, 7, 11
List the prime factors of 15896.
2, 1987
List the prime factors of 841.
29
What are the prime factors of 3611?
23, 157
What are the prime factors of 574?
2, 7, 41
List the prime factors of 638.
2, 11, 29
What are the prime factors of 3169?
3169
What are the prime factors of 948?
2, 3, 79
What are the prime factors of 3693?
3, 1231
List the prime factors of 45300.
2, 3, 5, 151
What are the prime factors of 1907?
1907
List the prime factors of 682.
2, 11, 31
List the prime factors of 31146.
2, 3, 29, 179
What are the prime factors of 27613?
53, 521
List the prime factors of 11809.
7, 241
What are the prime factors of 3775?
5, 151
List the prime factors of 432.
2, 3
What are the prime factors of 92709?
3, 10301
List the prime factors of 24624.
2, 3, 19
What are the prime factors of 2317?
7, 331
List the prime factors of 1373.
1373
What are the prime factors of 452?
2, 113
List the prime factors of 2242.
2, 19, 59
What are the prime factors of 4?
2
List the prime factors of 1276.
2, 11, 29
List the prime factors of 407.
11, 37
List the prime factors of 30438.
2, 3, 19, 89
List the prime factors of 2599.
23, 113
What are the prime factors of 683?
683
What are the prime factors of 116131?
116131
List the prime factors of 53888.
2, 421
List the prime factors of 22088.
2, 11, 251
What are the prime factors of 83007?
3, 23, 401
List the prime factors of 301.
7, 43
What are the prime factors of 100441?
11, 23, 397
What are the prime factors of 10572?
2, 3, 881
What are the prime factors of 88501?
7, 47, 269
What are the prime factors of 508?
2, 127
What are the prime factors of 44841?
3, 14947
List the prime factors of 36422.
2, 18211
What are the prime factors of 540?
2, 3, 5
List the prime factors of 1023.
3, 11, 31
List the prime factors of 3734.
2, 1867
List the prime factors of 5797.
11, 17, 31
What are the prime factors of 9528?
2, 3, 397
List the prime factors of 11515.
5, 7, 47
What are the prime factors of 69?
3, 23
What are the prime factors of 166?
2, 83
List the prime factors of 1139.
17, 67
List the prime factors of 11940.
2, 3, 5, 199
What are the prime factors of 12251?
12251
What are the prime factors of 1226?
2, 613
What are the prime factors of 40713?
3, 41, 331
What are the prime factors of 489?
3, 163
List the prime factors of 5056.
2, 79
What are the prime factors of 7577?
7577
What are the prime factors of 3274?
2, 1637
List the prime factors of 2639.
7, 13, 29
List the prime factors of 8277.
3, 31, 89
List the prime factors of 36385.
5, 19, 383
List the prime factors of 87159.
3, 17, 1709
What are the prime factors of 120593?
11, 19, 577
What are the prime factors of 8281?
7, 13
What are the prime factors of 1057?
7, 151
What are the prime factors of 275?
5, 11
What are the prime factors of 78826?
2, 11, 3583
List the prime factors of 72885.
3, 5, 43, 113
List the prime factors of 2122.
2, 1061
What are the prime factors of 9493?
11, 863
What are the prime factors of 21418?
2, 10709
What are the prime factors of 38?
2, 19
What are the prime factors of 6161?
61, 101
List the prime factors of 737.
11, 67
What are the prime factors of 1296?
2, 3
What are the prime factors of 3845?
5, 769
List the prime factors of 3251.
3251
What are the prime factors of 138?
2, 3, 23
List the prime factors of 664.
2, 83
List the prime factors of 151211.
89, 1699
What are the prime factors of 30037?
7, 613
What are the prime factors of 9114?
2, 3, 7, 31
List the prime factors of 345.
3, 5, 23
List the prime factors of 4080.
2, 3, 5, 17
What are the prime factors of 85861?
19, 4519
What are the prime factors of 18868?
2, 53, 89
List the prime factors of 63100.
2, 5, 631
List the prime factors of 617.
617
What are the prime factors of 18533?
43, 431
List the prime factors of 1126.
2, 563
What are the prime factors of 2861?
2861
What are the prime factors of 27657?
3, 7, 439
What are the prime factors of 63265?
5, 12653
What are the prime factors of 95637?
3, 71, 449
What are the prime factors of 2705?
5, 541
What are the prime factors of 25122?
2, 3, 53, 79
What are the prime factors of 5338?
2, 17, 157
List the prime factors of 3164.
2, 7, 113
What are the prime factors of 13968?
2, 3, 97
List the prime factors of 387.
3, 43
List the prime factors of 30575.
5, 1223
What are the prime factors of 168?
2, 3, 7
What are the prime factors of 25774?
2, 7, 263
What are the prime factors of 75109?
75109
What are the prime factors of 306?
2, 3, 17
What are the prime factors of 22011?
3, 11, 23, 29
List the prime factors of 80595.
3, 5, 199
What are the prime factors of 1260?
2, 3, 5, 7
What are the prime factors of 45781?
17, 2693
What are the prime factors of 642?
2, 3, 107
List the prime factors of 12599.
43, 293
List the prime factors of 9.
3
List the prime factors of 9398.
2, 37, 127
List the prime factors of 3086.
2, 1543
What are the prime factors of 3847?
3847
List the prime factors of 22767.
3, 7589
What are the prime factors of 6349?
7, 907
What are the prime factors of 28096?
2, 439
List the prime factors of 115527.
3, 97, 397
List the prime factors of 951.
3, 317
What are the prime factors of 2812?
2, 19, 37
List the prime factors of 2115.
3, 5, 47
What are the prime factors of 46376?
2, 11, 17, 31
What are the prime factors of 115808?
2, 7, 11, 47
What are the prime factors of 1252?
2, 313
List the prime factors of 614.
2, 307
What are the prime factors of 384?
2, 3
What are the prime factors of 698?
2, 349
List the prime factors of 23575.
5, 23, 41
List the prime factors of 7814.
2, 3907
What are the prime factors of 558?
2, 3, 31
What are the prime factors of 46466?
2, 7, 3319
What are the prime factors of 10497?
3, 3499
What are the prime factors of 4139?
4139
What are the prime factors of 65273?
13, 5021
What are the prime factors of 43615?
5, 11, 13, 61
List the prime factors of 11621.
11621
What are the prime factors of 671?
11, 61
What are the prime factors of 1982?
2, 991
List the prime factors of 1579.
1579
List the prime factors of 780.
2, 3, 5, 13
What are the prime factors of 214?
2, 107
What are the prime factors of 539?
7, 11
List the prime factors of 2798.
2, 1399
List the prime factors of 1393.
7, 199
List the prime factors of 5219.
17, 307
List the prime factors of 3342.
2, 3, 557
What are the prime factors of 210?
2, 3, 5, 7
List the prime factors of 13740.
2, 3, 5, 229
What are the prime factors of 3348?
2, 3, 31
What are the prime factors of 46546?
2, 17, 37
What are the prime factors of 6315?
3, 5, 421
What are the prime factors of 1927?
41, 47
What are the prime factors of 666?
2, 3, 37
List the prime factors of 6396.
2, 3, 13, 41
What are the prime factors 